29
List the prime factors of 1519.
7, 31
List the prime factors of 51492.
2, 3, 7, 613
What are the prime factors of 8385?
3, 5, 13, 43
List the prime factors of 4668.
2, 3, 389
What are the prime factors of 12757?
12757
List the prime factors of 2444.
2, 13, 47
What are the prime factors of 35340?
2, 3, 5, 19, 31
List the prime factors of 2449.
31, 79
What are the prime factors of 628?
2, 157
What are the prime factors of 51354?
2, 3, 317
What are the prime factors of 6436?
2, 1609
What are the prime factors of 3214?
2, 1607
List the prime factors of 11912.
2, 1489
List the prime factors of 1577.
19, 83
What are the prime factors of 8877?
3, 11, 269
List the prime factors of 1143.
3, 127
List the prime factors of 119298.
2, 3, 59, 337
What are the prime factors of 46804?
2, 11701
List the prime factors of 6522.
2, 3, 1087
List the prime factors of 17905.
5, 3581
List the prime factors of 2998.
2, 1499
List the prime factors of 916.
2, 229
What are the prime factors of 1624?
2, 7, 29
What are the prime factors of 13225?
5, 23
What are the prime factors of 10176?
2, 3, 53
List the prime factors of 3453.
3, 1151
What are the prime factors of 7273?
7, 1039
List the prime factors of 10474.
2, 5237
What are the prime factors of 3223?
11, 293
What are the prime factors of 87496?
2, 10937
What are the prime factors of 4063?
17, 239
What are the prime factors of 7989?
3, 2663
List the prime factors of 793.
13, 61
List the prime factors of 5401.
11, 491
List the prime factors of 6848.
2, 107
What are the prime factors of 4264?
2, 13, 41
List the prime factors of 2194.
2, 1097
List the prime factors of 45910.
2, 5, 4591
What are the prime factors of 1821?
3, 607
List the prime factors of 6188.
2, 7, 13, 17
What are the prime factors of 3179?
11, 17
What are the prime factors of 16?
2
What are the prime factors of 32147?
17, 31, 61
List the prime factors of 83462.
2, 29, 1439
List the prime factors of 3388.
2, 7, 11
List the prime factors of 25501.
7, 3643
List the prime factors of 1089.
3, 11
List the prime factors of 5136.
2, 3, 107
What are the prime factors of 2375?
5, 19
What are the prime factors of 2271?
3, 757
What are the prime factors of 3832?
2, 479
What are the prime factors of 37702?
2, 7, 2693
What are the prime factors of 3988?
2, 997
List the prime factors of 9745.
5, 1949
List the prime factors of 469.
7, 67
List the prime factors of 1943.
29, 67
List the prime factors of 34848.
2, 3, 11
What are the prime factors of 52192?
2, 7, 233
List the prime factors of 1438.
2, 719
List the prime factors of 82188.
2, 3, 761
List the prime factors of 1489.
1489
List the prime factors of 44068.
2, 23, 479
What are the prime factors of 13153?
7, 1879
List the prime factors of 22334.
2, 13, 859
What are the prime factors of 392?
2, 7
What are the prime factors of 3891?
3, 1297
What are the prime factors of 9104?
2, 569
List the prime factors of 9945.
3, 5, 13, 17
What are the prime factors of 18181?
18181
What are the prime factors of 787?
787
List the prime factors of 7151.
7151
List the prime factors of 16092.
2, 3, 149
List the prime factors of 5225.
5, 11, 19
List the prime factors of 48890.
2, 5, 4889
List the prime factors of 24879.
3, 8293
List the prime factors of 12393.
3, 17
What are the prime factors of 402?
2, 3, 67
What are the prime factors of 1396?
2, 349
What are the prime factors of 590?
2, 5, 59
List the prime factors of 3343.
3343
List the prime factors of 1783.
1783
What are the prime factors of 171447?
3, 57149
What are the prime factors of 155171?
155171
What are the prime factors of 7727?
7727
What are the prime factors of 49981?
151, 331
What are the prime factors of 6783?
3, 7, 17, 19
List the prime factors of 7759.
7759
What are the prime factors of 4080?
2, 3, 5, 17
List the prime factors of 23031.
3, 853
What are the prime factors of 445?
5, 89
List the prime factors of 363.
3, 11
List the prime factors of 105304.
2, 13163
What are the prime factors of 4415?
5, 883
What are the prime factors of 8179?
8179
List the prime factors of 8524.
2, 2131
List the prime factors of 3823.
3823
What are the prime factors of 11865?
3, 5, 7, 113
List the prime factors of 2134.
2, 11, 97
What are the prime factors of 30621?
3, 59, 173
What are the prime factors of 11879?
7, 1697
List the prime factors of 13198.
2, 6599
What are the prime factors of 1648?
2, 103
What are the prime factors of 62?
2, 31
List the prime factors of 13626.
2, 3, 757
What are the prime factors of 36805?
5, 17, 433
What are the prime factors of 1861?
1861
List the prime factors of 2033.
19, 107
List the prime factors of 2901.
3, 967
List the prime factors of 17419.
17419
What are the prime factors of 3553?
11, 17, 19
List the prime factors of 3900.
2, 3, 5, 13
What are the prime factors of 18549?
3, 229
What are the prime factors of 10964?
2, 2741
List the prime factors of 34998.
2, 3, 19, 307
List the prime factors of 4416.
2, 3, 23
What are the prime factors of 134?
2, 67
What are the prime factors of 1308?
2, 3, 109
List the prime factors of 2071.
19, 109
What are the prime factors of 8027?
23, 349
List the prime factors of 53396.
2, 7, 1907
List the prime factors of 67884.
2, 3, 5657
List the prime factors of 773.
773
What are the prime factors of 4288?
2, 67
List the prime factors of 58281.
3, 19427
What are the prime factors of 75802?
2, 151, 251
List the prime factors of 48828.
2, 3, 13, 313
What are the prime factors of 2631?
3, 877
List the prime factors of 7246.
2, 3623
List the prime factors of 592.
2, 37
List the prime factors of 6672.
2, 3, 139
What are the prime factors of 3025?
5, 11
List the prime factors of 33101.
79, 419
List the prime factors of 6423.
3, 2141
List the prime factors of 3173.
19, 167
List the prime factors of 568.
2, 71
What are the prime factors of 1330?
2, 5, 7, 19
List the prime factors of 1095.
3, 5, 73
What are the prime factors of 55460?
2, 5, 47, 59
List the prime factors of 38887.
37, 1051
List the prime factors of 4482.
2, 3, 83
What are the prime factors of 6192?
2, 3, 43
List the prime factors of 27849.
3, 9283
List the prime factors of 137.
137
List the prime factors of 30841.
30841
What are the prime factors of 134?
2, 67
List the prime factors of 14405.
5, 43, 67
What are the prime factors of 19421?
19421
List the prime factors of 8110.
2, 5, 811
List the prime factors of 14074.
2, 31, 227
List the prime factors of 9885.
3, 5, 659
List the prime factors of 35603.
35603
List the prime factors of 14008.
2, 17, 103
List the prime factors of 5538.
2, 3, 13, 71
What are the prime factors of 37846?
2, 127, 149
List the prime factors of 4395.
3, 5, 293
What are the prime factors of 30263?
53, 571
What are the prime factors of 87784?
2, 10973
What are the prime factors of 762?
2, 3, 127
List the prime factors of 112596.
2, 3, 11, 853
What are the prime factors of 8781?
3, 2927
List the prime factors of 330.
2, 3, 5, 11
List the prime factors of 112.
2, 7
List the prime factors of 20643.
3, 7, 983
What are the prime factors of 101994?
2, 3, 89, 191
List the prime factors of 3235.
5, 647
What are the prime factors of 55522?
2, 17, 23, 71
List the prime factors of 7292.
2, 1823
List the prime factors of 2735.
5, 547
What are the prime factors of 33751?
33751
List the prime factors of 18035.
5, 3607
List the prime factors of 191.
191
What are the prime factors of 1597?
1597
List the prime factors of 10769.
11, 89
What are the prime factors of 2616?
2, 3, 109
List the prime factors of 10896.
2, 3, 227
What are the prime factors of 4168?
2, 521
What are the prime factors of 77118?
2, 3, 12853
List the prime factors of 30151.
11, 2741
What are the prime factors of 3193?
31, 103
List the prime factors of 3962.
2, 7, 283
What are the prime factors of 26758?
2, 17, 787
What are the prime factors of 1635?
3, 5, 109
List the prime factors of 1813.
7, 37
What are the prime factors of 5447?
13, 419
What are the prime factors of 19575?
3, 5, 29
List the prime factors of 9707.
17, 571
What are the prime factors of 298?
2, 149
What are the prime factors of 3546?
2, 3, 197
What are the prime factors of 147?
3, 7
List the prime factors of 295.
5, 59
List the prime factors of 67011.
3, 7, 3191
What are the prime factors of 1623?
3, 541
List 